{"id":171,"date":"2022-07-12T19:38:00","date_gmt":"2022-07-12T23:38:00","guid":{"rendered":"http:\/\/localhost\/Gradio\/?page_id=171"},"modified":"2024-07-07T23:56:03","modified_gmt":"2024-07-08T03:56:03","slug":"g-radio-record","status":"publish","type":"page","link":"http:\/\/www.gradio.net\/index.php\/g-radio-record\/","title":{"rendered":"G-radio Record"},"content":{"rendered":"<style>.kb-row-layout-wrap.wp-block-kadence-rowlayout.kb-row-layout-id171_92ffd2-42{margin-top:-130px;margin-bottom:-130px;}.kb-row-layout-id171_92ffd2-42 > .kt-row-column-wrap{align-content:start;}:where(.kb-row-layout-id171_92ffd2-42 > .kt-row-column-wrap) > .wp-block-kadence-column{justify-content:start;}.kb-row-layout-id171_92ffd2-42 > .kt-row-column-wrap{column-gap:var(--global-kb-gap-md, 2rem);row-gap:var(--global-kb-gap-md, 2rem);max-width:var( --global-content-width, 1290px );padding-left:var(--global-content-edge-padding);padding-right:var(--global-content-edge-padding);padding-top:60px;padding-bottom:100px;grid-template-columns:repeat(2, minmax(0, 1fr));}.kb-row-layout-id171_92ffd2-42 > .kt-row-layout-overlay{opacity:0.16;background-image:url('http:\/\/www.g-radio.org\/wp-content\/uploads\/2022\/07\/gradio-record-fondo2-1.webp');background-size:cover;background-position:37% 34%;background-attachment:scroll;background-repeat:no-repeat;}@media all and (max-width: 1024px){.kb-row-layout-wrap.wp-block-kadence-rowlayout.kb-row-layout-id171_92ffd2-42{margin-bottom:-500px;}}@media all and (max-width: 1024px){.kb-row-layout-id171_92ffd2-42 > .kt-row-column-wrap{padding-top:100px;padding-bottom:311px;grid-template-columns:repeat(2, minmax(0, 1fr));}}@media all and (max-width: 767px){.kb-row-layout-wrap.wp-block-kadence-rowlayout.kb-row-layout-id171_92ffd2-42{margin-bottom:-59px;}.kb-row-layout-id171_92ffd2-42 > .kt-row-column-wrap{padding-top:100px;grid-template-columns:minmax(0, 1fr);}}<\/style><main class=\"kb-row-layout-wrap kb-row-layout-id171_92ffd2-42 alignfull kt-row-has-bg wp-block-kadence-rowlayout\"><div class=\"kt-row-layout-overlay kt-row-overlay-normal\"><\/div><div class=\"kt-row-column-wrap kt-has-2-columns kt-row-layout-equal kt-tab-layout-inherit kt-mobile-layout-row kt-row-valign-top kb-theme-content-width\">\n<style>.kadence-column171_0e092c-c4 > .kt-inside-inner-col{padding-top:20px;padding-right:10px;padding-bottom:30px;padding-left:10px;}.kadence-column171_0e092c-c4 > .kt-inside-inner-col{border-top:1px solid #7b8794;border-right:1px solid #7b8794;border-bottom:1px solid #7b8794;border-left:1px solid #7b8794;}.kadence-column171_0e092c-c4 > .kt-inside-inner-col,.kadence-column171_0e092c-c4 > .kt-inside-inner-col:before{border-top-left-radius:10px;border-top-right-radius:10px;border-bottom-right-radius:10px;border-bottom-left-radius:10px;}.kadence-column171_0e092c-c4 > .kt-inside-inner-col{column-gap:var(--global-kb-gap-sm, 1rem);}.kadence-column171_0e092c-c4 > .kt-inside-inner-col{flex-direction:column;}.kadence-column171_0e092c-c4 > .kt-inside-inner-col > .aligncenter{width:100%;}.kadence-column171_0e092c-c4 > .kt-inside-inner-col{background-color:rgba(255, 255, 255, 0.3);}.kadence-column171_0e092c-c4{text-align:left;}.kadence-column171_0e092c-c4{position:relative;}@media all and (max-width: 1024px){.kadence-column171_0e092c-c4 > .kt-inside-inner-col{border-top:1px solid #7b8794;border-right:1px solid #7b8794;border-bottom:1px solid #7b8794;border-left:1px solid #7b8794;flex-direction:column;justify-content:center;}}@media all and (max-width: 767px){.kadence-column171_0e092c-c4 > .kt-inside-inner-col{border-top:1px solid #7b8794;border-right:1px solid #7b8794;border-bottom:1px solid #7b8794;border-left:1px solid #7b8794;flex-direction:column;justify-content:center;}}<\/style>\n<div class=\"wp-block-kadence-column kadence-column171_0e092c-c4 inner-column-1\"><div class=\"kt-inside-inner-col\"><style>.kadence-column171_474c83-7f > .kt-inside-inner-col,.kadence-column171_474c83-7f > .kt-inside-inner-col:before{border-top-left-radius:0px;border-top-right-radius:0px;border-bottom-right-radius:0px;border-bottom-left-radius:0px;}.kadence-column171_474c83-7f > .kt-inside-inner-col{column-gap:var(--global-kb-gap-sm, 1rem);}.kadence-column171_474c83-7f > .kt-inside-inner-col{flex-direction:column;}.kadence-column171_474c83-7f > .kt-inside-inner-col > .aligncenter{width:100%;}.kadence-column171_474c83-7f > .kt-inside-inner-col:before{opacity:1;}.kadence-column171_474c83-7f{position:relative;}@media all and (max-width: 1024px){.kadence-column171_474c83-7f > .kt-inside-inner-col{flex-direction:column;justify-content:center;}}@media all and (max-width: 767px){.kadence-column171_474c83-7f > .kt-inside-inner-col{flex-direction:column;justify-content:center;}}<\/style>\n<div class=\"wp-block-kadence-column kadence-column171_474c83-7f inner-column-1\"><div class=\"kt-inside-inner-col\"><style>.wp-block-kadence-advancedheading.kt-adv-heading171_b9b5d3-80, .wp-block-kadence-advancedheading.kt-adv-heading171_b9b5d3-80[data-kb-block=\"kb-adv-heading171_b9b5d3-80\"]{font-weight:600;font-style:normal;font-family:Montserrat;text-shadow:2px 2px 4px rgba(0, 0, 0, 0.2);}.wp-block-kadence-advancedheading.kt-adv-heading171_b9b5d3-80 mark.kt-highlight, .wp-block-kadence-advancedheading.kt-adv-heading171_b9b5d3-80[data-kb-block=\"kb-adv-heading171_b9b5d3-80\"] mark.kt-highlight{font-style:normal;color:#f76a0c;-webkit-box-decoration-break:clone;box-decoration-break:clone;padding-top:0px;padding-right:0px;padding-bottom:0px;padding-left:0px;}@media all and (max-width: 1024px){.wp-block-kadence-advancedheading.kt-adv-heading171_b9b5d3-80, .wp-block-kadence-advancedheading.kt-adv-heading171_b9b5d3-80[data-kb-block=\"kb-adv-heading171_b9b5d3-80\"]{text-shadow:2px 2px 4px rgba(0, 0, 0, 0.2);font-size:23px;}}@media all and (max-width: 767px){.wp-block-kadence-advancedheading.kt-adv-heading171_b9b5d3-80, .wp-block-kadence-advancedheading.kt-adv-heading171_b9b5d3-80[data-kb-block=\"kb-adv-heading171_b9b5d3-80\"]{text-shadow:2px 2px 4px rgba(0, 0, 0, 0.2);font-size:16px;line-height:1.5em;}}<\/style>\n<h2 class=\"kt-adv-heading171_b9b5d3-80 wp-block-kadence-advancedheading\" data-kb-block=\"kb-adv-heading171_b9b5d3-80\">Grabaciones 24\/7 para radiodifusi\u00f3n<\/h2>\n\n\n<style>.wp-block-kadence-advancedheading.kt-adv-heading171_cf4bf8-70, .wp-block-kadence-advancedheading.kt-adv-heading171_cf4bf8-70[data-kb-block=\"kb-adv-heading171_cf4bf8-70\"]{font-style:normal;}.wp-block-kadence-advancedheading.kt-adv-heading171_cf4bf8-70 mark.kt-highlight, .wp-block-kadence-advancedheading.kt-adv-heading171_cf4bf8-70[data-kb-block=\"kb-adv-heading171_cf4bf8-70\"] mark.kt-highlight{font-style:normal;color:#f76a0c;-webkit-box-decoration-break:clone;box-decoration-break:clone;padding-top:0px;padding-right:0px;padding-bottom:0px;padding-left:0px;}@media all and (max-width: 767px){.wp-block-kadence-advancedheading.kt-adv-heading171_cf4bf8-70, .wp-block-kadence-advancedheading.kt-adv-heading171_cf4bf8-70[data-kb-block=\"kb-adv-heading171_cf4bf8-70\"]{font-size:16px;line-height:1.5em;}}<\/style>\n<p class=\"kt-adv-heading171_cf4bf8-70 wp-block-kadence-advancedheading\" data-kb-block=\"kb-adv-heading171_cf4bf8-70\">G-Radio Record es un sistema de grabaci\u00f3n automatizada de audio o v\u00eddeo en sus versiones para estaciones de radio o televisi\u00f3n respectivamente.<\/p>\n<\/div><\/div>\n\n\n<style>.wp-block-kadence-spacer.kt-block-spacer-171_a44e0e-5b .kt-block-spacer{height:30px;}.wp-block-kadence-spacer.kt-block-spacer-171_a44e0e-5b .kt-divider{border-top-width:1px;height:1px;border-top-color:#eee;width:80%;border-top-style:solid;}<\/style>\n<div class=\"wp-block-kadence-spacer aligncenter kt-block-spacer-171_a44e0e-5b\"><div class=\"kt-block-spacer kt-block-spacer-halign-center\"><hr class=\"kt-divider\"\/><\/div><\/div>\n\n\n<style>.wp-block-kadence-advancedbtn.kb-btns171_e5430f-3f{gap:var(--global-kb-gap-xs, 0.5rem );justify-content:center;align-items:center;}.kt-btns171_e5430f-3f .kt-button{font-weight:normal;font-style:normal;}<\/style>\n<div class=\"wp-block-kadence-advancedbtn kb-buttons-wrap kb-btns171_e5430f-3f\"><style>ul.menu .wp-block-kadence-advancedbtn .kb-btn171_3a1c7a-94.kb-button{width:initial;}.wp-block-kadence-advancedbtn .kb-btn171_3a1c7a-94.kb-button{color:#555555;background:var(--global-palette5, #4A5568);font-size:nonepx;border-top:1px solid var(--global-palette4, #2D3748);border-right:1px solid var(--global-palette4, #2D3748);border-bottom:1px solid var(--global-palette4, #2D3748);border-left:1px solid var(--global-palette4, #2D3748);box-shadow:1px 1px 2px 0px rgba(0, 0, 0, 0.2);}.kb-btn171_3a1c7a-94.kb-button .kb-svg-icon-wrap{padding-left:30px;}.wp-block-kadence-advancedbtn .kb-btn171_3a1c7a-94.kb-button:hover, .wp-block-kadence-advancedbtn .kb-btn171_3a1c7a-94.kb-button:focus{color:var(--global-palette4, #2D3748);background:#e8c552;border-top-color:#444444;border-top-style:solid;border-right-color:#444444;border-right-style:solid;border-bottom-color:#444444;border-bottom-style:solid;border-left-color:#444444;border-left-style:solid;}@media all and (max-width: 1024px){.wp-block-kadence-advancedbtn .kb-btn171_3a1c7a-94.kb-button{border-top:1px solid var(--global-palette4, #2D3748);border-right:1px solid var(--global-palette4, #2D3748);border-bottom:1px solid var(--global-palette4, #2D3748);border-left:1px solid var(--global-palette4, #2D3748);}}@media all and (max-width: 1024px){.wp-block-kadence-advancedbtn .kb-btn171_3a1c7a-94.kb-button:hover, .wp-block-kadence-advancedbtn .kb-btn171_3a1c7a-94.kb-button:focus{border-top-color:#444444;border-top-style:solid;border-right-color:#444444;border-right-style:solid;border-bottom-color:#444444;border-bottom-style:solid;border-left-color:#444444;border-left-style:solid;}}@media all and (max-width: 767px){.wp-block-kadence-advancedbtn .kb-btn171_3a1c7a-94.kb-button{font-size:16px;border-top:1px solid var(--global-palette4, #2D3748);border-right:1px solid var(--global-palette4, #2D3748);border-bottom:1px solid var(--global-palette4, #2D3748);border-left:1px solid var(--global-palette4, #2D3748);}.wp-block-kadence-advancedbtn .kb-btn171_3a1c7a-94.kb-button:hover, .wp-block-kadence-advancedbtn .kb-btn171_3a1c7a-94.kb-button:focus{border-top-color:#444444;border-top-style:solid;border-right-color:#444444;border-right-style:solid;border-bottom-color:#444444;border-bottom-style:solid;border-left-color:#444444;border-left-style:solid;}}<\/style><a class=\"kb-button kt-button button kb-btn171_3a1c7a-94 kt-btn-size-standard kt-btn-width-type-auto kb-btn-global-outline kt-btn-has-text-true kt-btn-has-svg-true wp-block-kadence-singlebtn\" href=\"https:\/\/www.gradio.net\/index.php\/contacto\/\" target=\"_blank\" rel=\"noreferrer noopener\"><span class=\"kt-btn-inner-text\">Cont\u00e1ctenos<\/span><span class=\"kb-svg-icon-wrap kb-svg-icon-fe_mail kt-btn-icon-side-right\"><svg viewBox=\"0 0 24 24\"  fill=\"none\" stroke=\"currentColor\" stroke-width=\"2\" stroke-linecap=\"round\" stroke-linejoin=\"round\" xmlns=\"http:\/\/www.w3.org\/2000\/svg\"  aria-hidden=\"true\"><path d=\"M4 4h16c1.1 0 2 .9 2 2v12c0 1.1-.9 2-2 2H4c-1.1 0-2-.9-2-2V6c0-1.1.9-2 2-2z\"\/><polyline points=\"22,6 12,13 2,6\"\/><\/svg><\/span><\/a><\/div>\n<\/div><\/div>\n\n\n<style>.kadence-column171_2159f5-5b > .kt-inside-inner-col,.kadence-column171_2159f5-5b > .kt-inside-inner-col:before{border-top-left-radius:0px;border-top-right-radius:0px;border-bottom-right-radius:0px;border-bottom-left-radius:0px;}.kadence-column171_2159f5-5b > .kt-inside-inner-col{column-gap:var(--global-kb-gap-sm, 1rem);}.kadence-column171_2159f5-5b > .kt-inside-inner-col{flex-direction:column;}.kadence-column171_2159f5-5b > .kt-inside-inner-col > .aligncenter{width:100%;}.kadence-column171_2159f5-5b > .kt-inside-inner-col:before{opacity:0.3;}.kadence-column171_2159f5-5b{position:relative;}@media all and (max-width: 1024px){.kadence-column171_2159f5-5b > .kt-inside-inner-col{flex-direction:column;justify-content:center;}}@media all and (max-width: 767px){.kadence-column171_2159f5-5b > .kt-inside-inner-col{flex-direction:column;justify-content:center;}}<\/style>\n<div class=\"wp-block-kadence-column kadence-column171_2159f5-5b inner-column-2\"><div class=\"kt-inside-inner-col\"><style>.kt-accordion-id171_15621f-0c .kt-accordion-inner-wrap{column-gap:var(--global-kb-gap-md, 2rem);row-gap:0px;}.kt-accordion-id171_15621f-0c .kt-accordion-panel-inner{border-top:0px solid transparent;border-right:0px solid transparent;border-bottom:0px solid transparent;border-left:0px solid transparent;background:var(--global-palette7, #EDF2F7);padding-top:var(--global-kb-spacing-sm, 1.5rem);padding-right:var(--global-kb-spacing-sm, 1.5rem);padding-bottom:var(--global-kb-spacing-sm, 1.5rem);padding-left:var(--global-kb-spacing-sm, 1.5rem);}.kt-accordion-id171_15621f-0c .wp-block-kadence-pane .kt-accordion-header-wrap .kt-blocks-accordion-header{border-top:1px solid #555555;border-right:1px solid #555555;border-bottom:1px solid #555555;border-left:1px solid #555555;border-top-left-radius:0px;border-top-right-radius:0px;border-bottom-right-radius:0px;border-bottom-left-radius:0px;background:#7f2a19;font-size:18px;line-height:24px;color:var(--global-palette7, #EDF2F7);padding-top:10px;padding-right:14px;padding-bottom:10px;padding-left:14px;}.kt-accordion-id171_15621f-0c:not( .kt-accodion-icon-style-basiccircle ):not( .kt-accodion-icon-style-xclosecircle ):not( .kt-accodion-icon-style-arrowcircle ) .kt-blocks-accordion-icon-trigger:after, .kt-accordion-id171_15621f-0c:not( .kt-accodion-icon-style-basiccircle ):not( .kt-accodion-icon-style-xclosecircle ):not( .kt-accodion-icon-style-arrowcircle ) .kt-blocks-accordion-icon-trigger:before{background:var(--global-palette7, #EDF2F7);}.kt-accordion-id171_15621f-0c:not( .kt-accodion-icon-style-basic ):not( .kt-accodion-icon-style-xclose ):not( .kt-accodion-icon-style-arrow ) .kt-blocks-accordion-icon-trigger{background:var(--global-palette7, #EDF2F7);}.kt-accordion-id171_15621f-0c:not( .kt-accodion-icon-style-basic ):not( .kt-accodion-icon-style-xclose ):not( .kt-accodion-icon-style-arrow ) .kt-blocks-accordion-icon-trigger:after, .kt-accordion-id171_15621f-0c:not( .kt-accodion-icon-style-basic ):not( .kt-accodion-icon-style-xclose ):not( .kt-accodion-icon-style-arrow ) .kt-blocks-accordion-icon-trigger:before{background:#7f2a19;}.kt-accordion-id171_15621f-0c .kt-accordion-header-wrap .kt-blocks-accordion-header:hover, body:not(.hide-focus-outline) .kt-accordion-id171_15621f-0c .kt-accordion-header-wrap .kt-blocks-accordion-header:focus-visible{color:var(--global-palette7, #EDF2F7);background:rgba(127,42,25,0.7);border-top:1px solid #eeeeee;border-right:1px solid #eeeeee;border-bottom:1px solid #eeeeee;border-left:1px solid #eeeeee;}.kt-accordion-id171_15621f-0c:not( .kt-accodion-icon-style-basiccircle ):not( .kt-accodion-icon-style-xclosecircle ):not( .kt-accodion-icon-style-arrowcircle ) .kt-blocks-accordion-header:hover .kt-blocks-accordion-icon-trigger:after, .kt-accordion-id171_15621f-0c:not( .kt-accodion-icon-style-basiccircle ):not( .kt-accodion-icon-style-xclosecircle ):not( .kt-accodion-icon-style-arrowcircle ) .kt-blocks-accordion-header:hover .kt-blocks-accordion-icon-trigger:before, body:not(.hide-focus-outline) .kt-accordion-id171_15621f-0c:not( .kt-accodion-icon-style-basiccircle ):not( .kt-accodion-icon-style-xclosecircle ):not( .kt-accodion-icon-style-arrowcircle ) .kt-blocks-accordion--visible .kt-blocks-accordion-icon-trigger:after, body:not(.hide-focus-outline) .kt-accordion-id171_15621f-0c:not( .kt-accodion-icon-style-basiccircle ):not( .kt-accodion-icon-style-xclosecircle ):not( .kt-accodion-icon-style-arrowcircle ) .kt-blocks-accordion-header:focus-visible .kt-blocks-accordion-icon-trigger:before{background:var(--global-palette7, #EDF2F7);}.kt-accordion-id171_15621f-0c:not( .kt-accodion-icon-style-basic ):not( .kt-accodion-icon-style-xclose ):not( .kt-accodion-icon-style-arrow ) .kt-blocks-accordion-header:hover .kt-blocks-accordion-icon-trigger, body:not(.hide-focus-outline) .kt-accordion-id171_15621f-0c:not( .kt-accodion-icon-style-basic ):not( .kt-accodion-icon-style-xclose ):not( .kt-accodion-icon-style-arrow ) .kt-blocks-accordion-header:focus-visible .kt-blocks-accordion-icon-trigger{background:var(--global-palette7, #EDF2F7);}.kt-accordion-id171_15621f-0c:not( .kt-accodion-icon-style-basic ):not( .kt-accodion-icon-style-xclose ):not( .kt-accodion-icon-style-arrow ) .kt-blocks-accordion-header:hover .kt-blocks-accordion-icon-trigger:after, .kt-accordion-id171_15621f-0c:not( .kt-accodion-icon-style-basic ):not( .kt-accodion-icon-style-xclose ):not( .kt-accodion-icon-style-arrow ) .kt-blocks-accordion-header:hover .kt-blocks-accordion-icon-trigger:before, body:not(.hide-focus-outline) .kt-accordion-id171_15621f-0c:not( .kt-accodion-icon-style-basic ):not( .kt-accodion-icon-style-xclose ):not( .kt-accodion-icon-style-arrow ) .kt-blocks-accordion-header:focus-visible .kt-blocks-accordion-icon-trigger:after, body:not(.hide-focus-outline) .kt-accordion-id171_15621f-0c:not( .kt-accodion-icon-style-basic ):not( .kt-accodion-icon-style-xclose ):not( .kt-accodion-icon-style-arrow ) .kt-blocks-accordion-header:focus-visible .kt-blocks-accordion-icon-trigger:before{background:rgba(127,42,25,0.7);}.kt-accordion-id171_15621f-0c .kt-accordion-header-wrap .kt-blocks-accordion-header:focus-visible, .kt-accordion-id171_15621f-0c .kt-accordion-header-wrap .kt-blocks-accordion-header.kt-accordion-panel-active{color:#ffffff;background:rgba(127,42,25,0.7);border-top:1px solid #444444;border-right:1px solid #444444;border-bottom:1px solid #444444;border-left:1px solid #444444;}.kt-accordion-id171_15621f-0c:not( .kt-accodion-icon-style-basiccircle ):not( .kt-accodion-icon-style-xclosecircle ):not( .kt-accodion-icon-style-arrowcircle ) .kt-blocks-accordion-header.kt-accordion-panel-active .kt-blocks-accordion-icon-trigger:after, .kt-accordion-id171_15621f-0c:not( .kt-accodion-icon-style-basiccircle ):not( .kt-accodion-icon-style-xclosecircle ):not( .kt-accodion-icon-style-arrowcircle ) .kt-blocks-accordion-header.kt-accordion-panel-active .kt-blocks-accordion-icon-trigger:before{background:#ffffff;}.kt-accordion-id171_15621f-0c:not( .kt-accodion-icon-style-basic ):not( .kt-accodion-icon-style-xclose ):not( .kt-accodion-icon-style-arrow ) .kt-blocks-accordion-header.kt-accordion-panel-active .kt-blocks-accordion-icon-trigger{background:#ffffff;}.kt-accordion-id171_15621f-0c:not( .kt-accodion-icon-style-basic ):not( .kt-accodion-icon-style-xclose ):not( .kt-accodion-icon-style-arrow ) .kt-blocks-accordion-header.kt-accordion-panel-active .kt-blocks-accordion-icon-trigger:after, .kt-accordion-id171_15621f-0c:not( .kt-accodion-icon-style-basic ):not( .kt-accodion-icon-style-xclose ):not( .kt-accodion-icon-style-arrow ) .kt-blocks-accordion-header.kt-accordion-panel-active .kt-blocks-accordion-icon-trigger:before{background:rgba(127,42,25,0.7);}@media all and (max-width: 1024px){.kt-accordion-id171_15621f-0c .kt-accordion-panel-inner{border-top:0px solid transparent;border-right:0px solid transparent;border-bottom:0px solid transparent;border-left:0px solid transparent;}}@media all and (max-width: 1024px){.kt-accordion-id171_15621f-0c .wp-block-kadence-pane .kt-accordion-header-wrap .kt-blocks-accordion-header{border-top:1px solid #555555;border-right:1px solid #555555;border-bottom:1px solid #555555;border-left:1px solid #555555;}}@media all and (max-width: 1024px){.kt-accordion-id171_15621f-0c .kt-accordion-header-wrap .kt-blocks-accordion-header:hover, body:not(.hide-focus-outline) .kt-accordion-id171_15621f-0c .kt-accordion-header-wrap .kt-blocks-accordion-header:focus-visible{border-top:1px solid #eeeeee;border-right:1px solid #eeeeee;border-bottom:1px solid #eeeeee;border-left:1px solid #eeeeee;}}@media all and (max-width: 1024px){.kt-accordion-id171_15621f-0c .kt-accordion-header-wrap .kt-blocks-accordion-header:focus-visible, .kt-accordion-id171_15621f-0c .kt-accordion-header-wrap .kt-blocks-accordion-header.kt-accordion-panel-active{border-top:1px solid #444444;border-right:1px solid #444444;border-bottom:1px solid #444444;border-left:1px solid #444444;}}@media all and (max-width: 767px){.kt-accordion-id171_15621f-0c .kt-accordion-inner-wrap{display:block;}.kt-accordion-id171_15621f-0c .kt-accordion-inner-wrap .kt-accordion-pane:not(:first-child){margin-top:0px;}.kt-accordion-id171_15621f-0c .kt-accordion-panel-inner{border-top:0px solid transparent;border-right:0px solid transparent;border-bottom:0px solid transparent;border-left:0px solid transparent;}.kt-accordion-id171_15621f-0c .wp-block-kadence-pane .kt-accordion-header-wrap .kt-blocks-accordion-header{border-top:1px solid #555555;border-right:1px solid #555555;border-bottom:1px solid #555555;border-left:1px solid #555555;}.kt-accordion-id171_15621f-0c .kt-accordion-header-wrap .kt-blocks-accordion-header:hover, body:not(.hide-focus-outline) .kt-accordion-id171_15621f-0c .kt-accordion-header-wrap .kt-blocks-accordion-header:focus-visible{border-top:1px solid #eeeeee;border-right:1px solid #eeeeee;border-bottom:1px solid #eeeeee;border-left:1px solid #eeeeee;}.kt-accordion-id171_15621f-0c .kt-accordion-header-wrap .kt-blocks-accordion-header:focus-visible, .kt-accordion-id171_15621f-0c .kt-accordion-header-wrap .kt-blocks-accordion-header.kt-accordion-panel-active{border-top:1px solid #444444;border-right:1px solid #444444;border-bottom:1px solid #444444;border-left:1px solid #444444;}}<\/style>\n<div class=\"wp-block-kadence-accordion alignnone\"><div class=\"kt-accordion-wrap kt-accordion-id171_15621f-0c kt-accordion-has-2-panes kt-active-pane-0 kt-accordion-block kt-pane-header-alignment-left kt-accodion-icon-style-basic kt-accodion-icon-side-right\" style=\"max-width:none\"><div class=\"kt-accordion-inner-wrap\" data-allow-multiple-open=\"true\" data-start-open=\"none\">\n<div class=\"wp-block-kadence-pane kt-accordion-pane kt-accordion-pane-1 kt-pane171_6b0c77-d9\"><div class=\"kt-accordion-header-wrap\"><button class=\"kt-blocks-accordion-header kt-acccordion-button-label-show\"><span class=\"kt-blocks-accordion-title-wrap\"><span class=\"kt-blocks-accordion-title\">Caracter\u00edsticas de G-radio Record<\/span><\/span><span class=\"kt-blocks-accordion-icon-trigger\"><\/span><\/button><\/div><div class=\"kt-accordion-panel kt-accordion-panel-hidden\"><div class=\"kt-accordion-panel-inner\">\n<ul class=\"wp-block-list\">\n<li>Construido sobre GNU\/Linux, es un sistema robusto, eficiente y libre de virus que permite almacenar autom\u00e1ticamente el audio de la programaci\u00f3n de su estaci\u00f3n de radio.<\/li>\n\n\n\n<li>Puede grabar toda la programaci\u00f3n de una estaci\u00f3n de radio o televisi\u00f3n de manera organizada por hora, d\u00eda, mes y a\u00f1o en formato mp3 para la versi\u00f3n radio y flv 720x 480 para la versi\u00f3n televisi\u00f3n.<\/li>\n\n\n\n<li>Solo requiere una fuente del audio o v\u00eddeo de la estaci\u00f3n de radio o televisi\u00f3n y empieza a grabar autom\u00e1ticamente, apenas se enciende.<\/li>\n\n\n\n<li>Se puede configurar el tiempo de duraci\u00f3n de los audios o v\u00eddeos entre 1 hora, 2 horas, 3 horas, 4 horas y 8 horas.<\/li>\n\n\n\n<li>Para la versi\u00f3n de radio se puede configurar la tasa de muestreo y de codificaci\u00f3n de los audios.<\/li>\n\n\n\n<li>Para la versi\u00f3n de televisi\u00f3n se puede configurar el tiempo de retardo del audio respecto al v\u00eddeo.<\/li>\n\n\n\n<li>Los audios son accesibles desde cualquier computador (o aquellos que se autorice) en su red interna desde un navegador Firefox(R) o derivados con solo apuntar a la direcci\u00f3n IP del equipo.<\/li>\n\n\n\n<li>El acceso y uso del programa es altamente intuitivo y ha sido desarrollado considerando las necesidades de simplicidad para uso en radiodifusi\u00f3n y televisi\u00f3n.<\/li>\n\n\n\n<li>La versi\u00f3n para radio puede contener un Disco duro simple de 1 TB o un arreglo redundante de 2 discos de 1 TB (la misma informaci\u00f3n se replica en los dos discos para prevenir posibles da\u00f1os del disco).<\/li>\n\n\n\n<li>La versi\u00f3n para televisi\u00f3n tiene capacidad de almacenamiento de 6 TB.<\/li>\n\n\n\n<li>En la versi\u00f3n radio, se puede tener m\u00e1s de 1600 d\u00edas de grabaci\u00f3n continua (44100 KHz, 48 Kbps mono).<\/li>\n\n\n\n<li>En la versi\u00f3n televisi\u00f3n, se puede tener m\u00e1s de 200 d\u00edas de grabaci\u00f3n continua (24\/7).<\/li>\n\n\n\n<li>G-Radio Record ha sido dise\u00f1ado como un sistema principal o de respaldo de grabaciones de audio, que faciliten su recuperaci\u00f3n, ya sea para las agencias de publicidad, entidades p\u00fablicas como el CNE u organismos de control.<\/li>\n\n\n\n<li>Aunque los equipos pueden tener la facilidad de conexi\u00f3n inal\u00e1mbrica, se recomienda usar la red f\u00edsica cuando esto sea posible.<\/li>\n\n\n\n<li>La versi\u00f3n est\u00e1ndar para radio de G-Radio Record tiene una capacidad de almacenamiento de 1 TB de disco duro y 4 GB de RAM.<\/li>\n\n\n\n<li>La versi\u00f3n avanzada para radio de G-Radio Record tiene una capacidad de 1 TB (1000 GB) en un arreglo de dos discos redundantes (1 TB + 1 TB en configuraci\u00f3n espejo) y 8 GB de RAM.<\/li>\n\n\n\n<li>La versi\u00f3n para televisi\u00f3n de G-Radio Record tiene una capacidad de almacenamiento de 6 TB (6000 GB) en un disco duro y 8 GB de RAM.<\/li>\n<\/ul>\n\n\n\n<p class=\"has-small-font-size\">Por m\u00e1s informaci\u00f3n cont\u00e1ctanos<br>\u00a9 2021 G Radio \u2013 Automatizaci\u00f3n profesional para radio y TV<\/p>\n<\/div><\/div><\/div>\n<\/div><\/div><\/div>\n\n\n<style>.kb-image171_dfe737-ba .kb-image-has-overlay:after{opacity:0.3;}<\/style>\n<figure class=\"wp-block-kadence-image kb-image171_dfe737-ba\"><img loading=\"lazy\" decoding=\"async\" width=\"1165\" height=\"874\" src=\"http:\/\/www.g-radio.org\/wp-content\/uploads\/2022\/07\/imagen-gradiorecord.webp\" alt=\"\" class=\"kb-img wp-image-581\"\/><\/figure>\n<\/div><\/div>\n\n<\/div><\/main>","protected":false},"excerpt":{"rendered":"<p>Grabaciones 24\/7 para radiodifusi\u00f3n G-Radio Record es un sistema de grabaci\u00f3n automatizada de audio o v\u00eddeo en sus versiones para estaciones de radio o televisi\u00f3n respectivamente.<\/p>\n","protected":false},"author":3,"featured_media":0,"parent":0,"menu_order":0,"comment_status":"closed","ping_status":"closed","template":"","meta":{"_kad_post_transparent":"","_kad_post_title":"hide","_kad_post_layout":"","_kad_post_sidebar_id":"","_kad_post_content_style":"","_kad_post_vertical_padding":"","_kad_post_feature":"","_kad_post_feature_position":"","_kad_post_header":false,"_kad_post_footer":false,"footnotes":""},"class_list":["post-171","page","type-page","status-publish","hentry"],"_links":{"self":[{"href":"http:\/\/www.gradio.net\/index.php\/wp-json\/wp\/v2\/pages\/171","targetHints":{"allow":["GET"]}}],"collection":[{"href":"http:\/\/www.gradio.net\/index.php\/wp-json\/wp\/v2\/pages"}],"about":[{"href":"http:\/\/www.gradio.net\/index.php\/wp-json\/wp\/v2\/types\/page"}],"author":[{"embeddable":true,"href":"http:\/\/www.gradio.net\/index.php\/wp-json\/wp\/v2\/users\/3"}],"replies":[{"embeddable":true,"href":"http:\/\/www.gradio.net\/index.php\/wp-json\/wp\/v2\/comments?post=171"}],"version-history":[{"count":1,"href":"http:\/\/www.gradio.net\/index.php\/wp-json\/wp\/v2\/pages\/171\/revisions"}],"predecessor-version":[{"id":980,"href":"http:\/\/www.gradio.net\/index.php\/wp-json\/wp\/v2\/pages\/171\/revisions\/980"}],"wp:attachment":[{"href":"http:\/\/www.gradio.net\/index.php\/wp-json\/wp\/v2\/media?parent=171"}],"curies":[{"name":"wp","href":"https:\/\/api.w.org\/{rel}","templated":true}]}}