{"id":173,"date":"2022-07-12T19:38:36","date_gmt":"2022-07-12T23:38:36","guid":{"rendered":"http:\/\/localhost\/Gradio\/?page_id=173"},"modified":"2026-04-03T01:34:17","modified_gmt":"2026-04-03T05:34:17","slug":"caracteristicas","status":"publish","type":"page","link":"http:\/\/www.gradio.net\/index.php\/caracteristicas\/","title":{"rendered":"Caracter\u00edsticas"},"content":{"rendered":"<style>.kb-row-layout-wrap.wp-block-kadence-rowlayout.kb-row-layout-id173_ad88c1-1d{margin-top:-130px;margin-bottom:-130px;}.kb-row-layout-id173_ad88c1-1d > .kt-row-column-wrap{align-content:start;}:where(.kb-row-layout-id173_ad88c1-1d > .kt-row-column-wrap) > .wp-block-kadence-column{justify-content:start;}.kb-row-layout-id173_ad88c1-1d > .kt-row-column-wrap{column-gap:var(--global-kb-gap-md, 2rem);row-gap:var(--global-kb-gap-md, 2rem);max-width:var( --global-content-width, 1290px );padding-left:var(--global-content-edge-padding);padding-right:var(--global-content-edge-padding);padding-top:60px;padding-bottom:100px;grid-template-columns:repeat(2, minmax(0, 1fr));}.kb-row-layout-id173_ad88c1-1d > .kt-row-layout-overlay{opacity:0.20;background-image:url('http:\/\/www.g-radio.org\/wp-content\/uploads\/2022\/07\/enelaire-caracteristicas-fondo.webp');background-size:cover;background-position:37% 34%;background-attachment:scroll;background-repeat:no-repeat;}@media all and (max-width: 1024px){.kb-row-layout-wrap.wp-block-kadence-rowlayout.kb-row-layout-id173_ad88c1-1d{margin-bottom:-80px;}}@media all and (max-width: 1024px){.kb-row-layout-id173_ad88c1-1d > .kt-row-column-wrap{padding-top:100px;grid-template-columns:repeat(2, minmax(0, 1fr));}}@media all and (max-width: 767px){.kb-row-layout-wrap.wp-block-kadence-rowlayout.kb-row-layout-id173_ad88c1-1d{margin-bottom:-59px;}.kb-row-layout-id173_ad88c1-1d > .kt-row-column-wrap{padding-top:100px;grid-template-columns:minmax(0, 1fr);}}<\/style><main class=\"kb-row-layout-wrap kb-row-layout-id173_ad88c1-1d alignfull kt-row-has-bg wp-block-kadence-rowlayout\"><div class=\"kt-row-layout-overlay kt-row-overlay-normal\"><\/div><div class=\"kt-row-column-wrap kt-has-2-columns kt-row-layout-equal kt-tab-layout-inherit kt-mobile-layout-row kt-row-valign-top kb-theme-content-width\">\n<style>.kadence-column173_8e46a5-be > .kt-inside-inner-col{padding-top:20px;padding-right:10px;padding-bottom:30px;padding-left:10px;}.kadence-column173_8e46a5-be > .kt-inside-inner-col{border-top:1px solid #7b8794;border-right:1px solid #7b8794;border-bottom:1px solid #7b8794;border-left:1px solid #7b8794;}.kadence-column173_8e46a5-be > .kt-inside-inner-col,.kadence-column173_8e46a5-be > .kt-inside-inner-col:before{border-top-left-radius:10px;border-top-right-radius:10px;border-bottom-right-radius:10px;border-bottom-left-radius:10px;}.kadence-column173_8e46a5-be > .kt-inside-inner-col{column-gap:var(--global-kb-gap-sm, 1rem);}.kadence-column173_8e46a5-be > .kt-inside-inner-col{flex-direction:column;}.kadence-column173_8e46a5-be > .kt-inside-inner-col > .aligncenter{width:100%;}.kadence-column173_8e46a5-be > .kt-inside-inner-col{background-color:rgba(255, 255, 255, 0.3);}.kadence-column173_8e46a5-be{text-align:left;}.kadence-column173_8e46a5-be{position:relative;}@media all and (max-width: 1024px){.kadence-column173_8e46a5-be > .kt-inside-inner-col{border-top:1px solid #7b8794;border-right:1px solid #7b8794;border-bottom:1px solid #7b8794;border-left:1px solid #7b8794;flex-direction:column;justify-content:center;}}@media all and (max-width: 767px){.kadence-column173_8e46a5-be > .kt-inside-inner-col{border-top:1px solid #7b8794;border-right:1px solid #7b8794;border-bottom:1px solid #7b8794;border-left:1px solid #7b8794;flex-direction:column;justify-content:center;}}<\/style>\n<div class=\"wp-block-kadence-column kadence-column173_8e46a5-be inner-column-1\"><div class=\"kt-inside-inner-col\"><style>.kadence-column173_5e43a1-95 > .kt-inside-inner-col,.kadence-column173_5e43a1-95 > .kt-inside-inner-col:before{border-top-left-radius:0px;border-top-right-radius:0px;border-bottom-right-radius:0px;border-bottom-left-radius:0px;}.kadence-column173_5e43a1-95 > .kt-inside-inner-col{column-gap:var(--global-kb-gap-sm, 1rem);}.kadence-column173_5e43a1-95 > .kt-inside-inner-col{flex-direction:column;}.kadence-column173_5e43a1-95 > .kt-inside-inner-col > .aligncenter{width:100%;}.kadence-column173_5e43a1-95 > .kt-inside-inner-col:before{opacity:1;}.kadence-column173_5e43a1-95{position:relative;}@media all and (max-width: 1024px){.kadence-column173_5e43a1-95 > .kt-inside-inner-col{flex-direction:column;justify-content:center;}}@media all and (max-width: 767px){.kadence-column173_5e43a1-95 > .kt-inside-inner-col{flex-direction:column;justify-content:center;}}<\/style>\n<div class=\"wp-block-kadence-column kadence-column173_5e43a1-95 inner-column-1\"><div class=\"kt-inside-inner-col\"><style>.wp-block-kadence-advancedheading.kt-adv-heading173_774ff9-53, .wp-block-kadence-advancedheading.kt-adv-heading173_774ff9-53[data-kb-block=\"kb-adv-heading173_774ff9-53\"]{font-style:normal;}.wp-block-kadence-advancedheading.kt-adv-heading173_774ff9-53 mark.kt-highlight, .wp-block-kadence-advancedheading.kt-adv-heading173_774ff9-53[data-kb-block=\"kb-adv-heading173_774ff9-53\"] mark.kt-highlight{font-style:normal;color:#f76a0c;-webkit-box-decoration-break:clone;box-decoration-break:clone;padding-top:0px;padding-right:0px;padding-bottom:0px;padding-left:0px;}@media all and (max-width: 767px){.wp-block-kadence-advancedheading.kt-adv-heading173_774ff9-53, .wp-block-kadence-advancedheading.kt-adv-heading173_774ff9-53[data-kb-block=\"kb-adv-heading173_774ff9-53\"]{font-size:16px;line-height:1.5em;}}<\/style>\n<p class=\"kt-adv-heading173_774ff9-53 wp-block-kadence-advancedheading\" data-kb-block=\"kb-adv-heading173_774ff9-53\">G-Radio, es un programa de automatizaci\u00f3n para estaciones de radio o TV, que funciona sobre el robusto sistema operativo GNU\/Linux y permite automatizar una estaci\u00f3n y su emisi\u00f3n de audio a trav\u00e9s de la parrilla musical, comerciales, pisadores, hora, streaming de audio, etc.<\/p>\n\n\n<style>.wp-block-kadence-advancedheading.kt-adv-heading173_3f854f-73, .wp-block-kadence-advancedheading.kt-adv-heading173_3f854f-73[data-kb-block=\"kb-adv-heading173_3f854f-73\"]{font-style:normal;}.wp-block-kadence-advancedheading.kt-adv-heading173_3f854f-73 mark.kt-highlight, .wp-block-kadence-advancedheading.kt-adv-heading173_3f854f-73[data-kb-block=\"kb-adv-heading173_3f854f-73\"] mark.kt-highlight{font-style:normal;color:#f76a0c;-webkit-box-decoration-break:clone;box-decoration-break:clone;padding-top:0px;padding-right:0px;padding-bottom:0px;padding-left:0px;}@media all and (max-width: 767px){.wp-block-kadence-advancedheading.kt-adv-heading173_3f854f-73, .wp-block-kadence-advancedheading.kt-adv-heading173_3f854f-73[data-kb-block=\"kb-adv-heading173_3f854f-73\"]{font-size:16px;line-height:1.5em;}}<\/style>\n<p class=\"kt-adv-heading173_3f854f-73 wp-block-kadence-advancedheading\" data-kb-block=\"kb-adv-heading173_3f854f-73\">Posee indicadores de cumplimiento de par\u00e1metros predefinidos conforme a la Ley de Comunicaci\u00f3n (tiempo de comerciales por hora, tiempo de Interculturalidad, Artistas Nacionales).<\/p>\n\n\n<style>.wp-block-kadence-advancedheading.kt-adv-heading173_815df4-b3, .wp-block-kadence-advancedheading.kt-adv-heading173_815df4-b3[data-kb-block=\"kb-adv-heading173_815df4-b3\"]{font-style:normal;}.wp-block-kadence-advancedheading.kt-adv-heading173_815df4-b3 mark.kt-highlight, .wp-block-kadence-advancedheading.kt-adv-heading173_815df4-b3[data-kb-block=\"kb-adv-heading173_815df4-b3\"] mark.kt-highlight{font-style:normal;color:#f76a0c;-webkit-box-decoration-break:clone;box-decoration-break:clone;padding-top:0px;padding-right:0px;padding-bottom:0px;padding-left:0px;}@media all and (max-width: 767px){.wp-block-kadence-advancedheading.kt-adv-heading173_815df4-b3, .wp-block-kadence-advancedheading.kt-adv-heading173_815df4-b3[data-kb-block=\"kb-adv-heading173_815df4-b3\"]{font-size:16px;line-height:1.5em;}}<\/style>\n<p class=\"kt-adv-heading173_815df4-b3 wp-block-kadence-advancedheading\" data-kb-block=\"kb-adv-heading173_815df4-b3\">La versi\u00f3n desarrollada en Rust (R) incorpora nuevas funcionalidades fortaleciendo sus caracter\u00edsticas de versatilidad y practicidad.  <a href=\"https:\/\/gradio.net\/descargas\/gradio-rust\/v-0.61R\/MANUAL\/MANUAL_G-Radio_player_R.pdf\">Revise el manual de uso<\/a><\/p>\n<\/div><\/div>\n<\/div><\/div>\n\n\n<style>.kadence-column173_2bfb1b-eb > .kt-inside-inner-col,.kadence-column173_2bfb1b-eb > .kt-inside-inner-col:before{border-top-left-radius:0px;border-top-right-radius:0px;border-bottom-right-radius:0px;border-bottom-left-radius:0px;}.kadence-column173_2bfb1b-eb > .kt-inside-inner-col{column-gap:var(--global-kb-gap-sm, 1rem);}.kadence-column173_2bfb1b-eb > .kt-inside-inner-col{flex-direction:column;}.kadence-column173_2bfb1b-eb > .kt-inside-inner-col > .aligncenter{width:100%;}.kadence-column173_2bfb1b-eb > .kt-inside-inner-col:before{opacity:0.3;}.kadence-column173_2bfb1b-eb{position:relative;}@media all and (max-width: 1024px){.kadence-column173_2bfb1b-eb > .kt-inside-inner-col{flex-direction:column;justify-content:center;}}@media all and (max-width: 767px){.kadence-column173_2bfb1b-eb > .kt-inside-inner-col{flex-direction:column;justify-content:center;}}<\/style>\n<div class=\"wp-block-kadence-column kadence-column173_2bfb1b-eb inner-column-2\"><div class=\"kt-inside-inner-col\"><style>.kt-accordion-id173_a4d7b9-ef .kt-accordion-inner-wrap{column-gap:var(--global-kb-gap-md, 2rem);row-gap:0px;}.kt-accordion-id173_a4d7b9-ef .kt-accordion-panel-inner{border-top:0px solid transparent;border-right:0px solid transparent;border-bottom:0px solid transparent;border-left:0px solid transparent;background:var(--global-palette7, #EDF2F7);padding-top:var(--global-kb-spacing-sm, 1.5rem);padding-right:var(--global-kb-spacing-sm, 1.5rem);padding-bottom:var(--global-kb-spacing-sm, 1.5rem);padding-left:var(--global-kb-spacing-sm, 1.5rem);}.kt-accordion-id173_a4d7b9-ef .wp-block-kadence-pane .kt-accordion-header-wrap .kt-blocks-accordion-header{border-top:1px solid #555555;border-right:1px solid #555555;border-bottom:1px solid #555555;border-left:1px solid #555555;border-top-left-radius:0px;border-top-right-radius:0px;border-bottom-right-radius:0px;border-bottom-left-radius:0px;background:#7f2a19;font-size:18px;line-height:24px;color:var(--global-palette7, #EDF2F7);padding-top:10px;padding-right:14px;padding-bottom:10px;padding-left:14px;}.kt-accordion-id173_a4d7b9-ef:not( .kt-accodion-icon-style-basiccircle ):not( .kt-accodion-icon-style-xclosecircle ):not( .kt-accodion-icon-style-arrowcircle ) .kt-blocks-accordion-icon-trigger:after, .kt-accordion-id173_a4d7b9-ef:not( .kt-accodion-icon-style-basiccircle ):not( .kt-accodion-icon-style-xclosecircle ):not( .kt-accodion-icon-style-arrowcircle ) .kt-blocks-accordion-icon-trigger:before{background:var(--global-palette7, #EDF2F7);}.kt-accordion-id173_a4d7b9-ef:not( .kt-accodion-icon-style-basic ):not( .kt-accodion-icon-style-xclose ):not( .kt-accodion-icon-style-arrow ) .kt-blocks-accordion-icon-trigger{background:var(--global-palette7, #EDF2F7);}.kt-accordion-id173_a4d7b9-ef:not( .kt-accodion-icon-style-basic ):not( .kt-accodion-icon-style-xclose ):not( .kt-accodion-icon-style-arrow ) .kt-blocks-accordion-icon-trigger:after, .kt-accordion-id173_a4d7b9-ef:not( .kt-accodion-icon-style-basic ):not( .kt-accodion-icon-style-xclose ):not( .kt-accodion-icon-style-arrow ) .kt-blocks-accordion-icon-trigger:before{background:#7f2a19;}.kt-accordion-id173_a4d7b9-ef .kt-accordion-header-wrap .kt-blocks-accordion-header:hover, body:not(.hide-focus-outline) .kt-accordion-id173_a4d7b9-ef .kt-accordion-header-wrap .kt-blocks-accordion-header:focus-visible{color:var(--global-palette7, #EDF2F7);background:rgba(127,42,25,0.7);border-top:1px solid #eeeeee;border-right:1px solid #eeeeee;border-bottom:1px solid #eeeeee;border-left:1px solid #eeeeee;}.kt-accordion-id173_a4d7b9-ef:not( .kt-accodion-icon-style-basiccircle ):not( .kt-accodion-icon-style-xclosecircle ):not( .kt-accodion-icon-style-arrowcircle ) .kt-blocks-accordion-header:hover .kt-blocks-accordion-icon-trigger:after, .kt-accordion-id173_a4d7b9-ef:not( .kt-accodion-icon-style-basiccircle ):not( .kt-accodion-icon-style-xclosecircle ):not( .kt-accodion-icon-style-arrowcircle ) .kt-blocks-accordion-header:hover .kt-blocks-accordion-icon-trigger:before, body:not(.hide-focus-outline) .kt-accordion-id173_a4d7b9-ef:not( .kt-accodion-icon-style-basiccircle ):not( .kt-accodion-icon-style-xclosecircle ):not( .kt-accodion-icon-style-arrowcircle ) .kt-blocks-accordion--visible .kt-blocks-accordion-icon-trigger:after, body:not(.hide-focus-outline) .kt-accordion-id173_a4d7b9-ef:not( .kt-accodion-icon-style-basiccircle ):not( .kt-accodion-icon-style-xclosecircle ):not( .kt-accodion-icon-style-arrowcircle ) .kt-blocks-accordion-header:focus-visible .kt-blocks-accordion-icon-trigger:before{background:var(--global-palette7, #EDF2F7);}.kt-accordion-id173_a4d7b9-ef:not( .kt-accodion-icon-style-basic ):not( .kt-accodion-icon-style-xclose ):not( .kt-accodion-icon-style-arrow ) .kt-blocks-accordion-header:hover .kt-blocks-accordion-icon-trigger, body:not(.hide-focus-outline) .kt-accordion-id173_a4d7b9-ef:not( .kt-accodion-icon-style-basic ):not( .kt-accodion-icon-style-xclose ):not( .kt-accodion-icon-style-arrow ) .kt-blocks-accordion-header:focus-visible .kt-blocks-accordion-icon-trigger{background:var(--global-palette7, #EDF2F7);}.kt-accordion-id173_a4d7b9-ef:not( .kt-accodion-icon-style-basic ):not( .kt-accodion-icon-style-xclose ):not( .kt-accodion-icon-style-arrow ) .kt-blocks-accordion-header:hover .kt-blocks-accordion-icon-trigger:after, .kt-accordion-id173_a4d7b9-ef:not( .kt-accodion-icon-style-basic ):not( .kt-accodion-icon-style-xclose ):not( .kt-accodion-icon-style-arrow ) .kt-blocks-accordion-header:hover .kt-blocks-accordion-icon-trigger:before, body:not(.hide-focus-outline) .kt-accordion-id173_a4d7b9-ef:not( .kt-accodion-icon-style-basic ):not( .kt-accodion-icon-style-xclose ):not( .kt-accodion-icon-style-arrow ) .kt-blocks-accordion-header:focus-visible .kt-blocks-accordion-icon-trigger:after, body:not(.hide-focus-outline) .kt-accordion-id173_a4d7b9-ef:not( .kt-accodion-icon-style-basic ):not( .kt-accodion-icon-style-xclose ):not( .kt-accodion-icon-style-arrow ) .kt-blocks-accordion-header:focus-visible .kt-blocks-accordion-icon-trigger:before{background:rgba(127,42,25,0.7);}.kt-accordion-id173_a4d7b9-ef .kt-accordion-header-wrap .kt-blocks-accordion-header:focus-visible, .kt-accordion-id173_a4d7b9-ef .kt-accordion-header-wrap .kt-blocks-accordion-header.kt-accordion-panel-active{color:#ffffff;background:rgba(127,42,25,0.7);border-top:1px solid #444444;border-right:1px solid #444444;border-bottom:1px solid #444444;border-left:1px solid #444444;}.kt-accordion-id173_a4d7b9-ef:not( .kt-accodion-icon-style-basiccircle ):not( .kt-accodion-icon-style-xclosecircle ):not( .kt-accodion-icon-style-arrowcircle ) .kt-blocks-accordion-header.kt-accordion-panel-active .kt-blocks-accordion-icon-trigger:after, .kt-accordion-id173_a4d7b9-ef:not( .kt-accodion-icon-style-basiccircle ):not( .kt-accodion-icon-style-xclosecircle ):not( .kt-accodion-icon-style-arrowcircle ) .kt-blocks-accordion-header.kt-accordion-panel-active .kt-blocks-accordion-icon-trigger:before{background:#ffffff;}.kt-accordion-id173_a4d7b9-ef:not( .kt-accodion-icon-style-basic ):not( .kt-accodion-icon-style-xclose ):not( .kt-accodion-icon-style-arrow ) .kt-blocks-accordion-header.kt-accordion-panel-active .kt-blocks-accordion-icon-trigger{background:#ffffff;}.kt-accordion-id173_a4d7b9-ef:not( .kt-accodion-icon-style-basic ):not( .kt-accodion-icon-style-xclose ):not( .kt-accodion-icon-style-arrow ) .kt-blocks-accordion-header.kt-accordion-panel-active .kt-blocks-accordion-icon-trigger:after, .kt-accordion-id173_a4d7b9-ef:not( .kt-accodion-icon-style-basic ):not( .kt-accodion-icon-style-xclose ):not( .kt-accodion-icon-style-arrow ) .kt-blocks-accordion-header.kt-accordion-panel-active .kt-blocks-accordion-icon-trigger:before{background:rgba(127,42,25,0.7);}@media all and (max-width: 1024px){.kt-accordion-id173_a4d7b9-ef .kt-accordion-panel-inner{border-top:0px solid transparent;border-right:0px solid transparent;border-bottom:0px solid transparent;border-left:0px solid transparent;}}@media all and (max-width: 1024px){.kt-accordion-id173_a4d7b9-ef .wp-block-kadence-pane .kt-accordion-header-wrap .kt-blocks-accordion-header{border-top:1px solid #555555;border-right:1px solid #555555;border-bottom:1px solid #555555;border-left:1px solid #555555;}}@media all and (max-width: 1024px){.kt-accordion-id173_a4d7b9-ef .kt-accordion-header-wrap .kt-blocks-accordion-header:hover, body:not(.hide-focus-outline) .kt-accordion-id173_a4d7b9-ef .kt-accordion-header-wrap .kt-blocks-accordion-header:focus-visible{border-top:1px solid #eeeeee;border-right:1px solid #eeeeee;border-bottom:1px solid #eeeeee;border-left:1px solid #eeeeee;}}@media all and (max-width: 1024px){.kt-accordion-id173_a4d7b9-ef .kt-accordion-header-wrap .kt-blocks-accordion-header:focus-visible, .kt-accordion-id173_a4d7b9-ef .kt-accordion-header-wrap .kt-blocks-accordion-header.kt-accordion-panel-active{border-top:1px solid #444444;border-right:1px solid #444444;border-bottom:1px solid #444444;border-left:1px solid #444444;}}@media all and (max-width: 767px){.kt-accordion-id173_a4d7b9-ef .kt-accordion-inner-wrap{display:block;}.kt-accordion-id173_a4d7b9-ef .kt-accordion-inner-wrap .kt-accordion-pane:not(:first-child){margin-top:0px;}.kt-accordion-id173_a4d7b9-ef .kt-accordion-panel-inner{border-top:0px solid transparent;border-right:0px solid transparent;border-bottom:0px solid transparent;border-left:0px solid transparent;}.kt-accordion-id173_a4d7b9-ef .wp-block-kadence-pane .kt-accordion-header-wrap .kt-blocks-accordion-header{border-top:1px solid #555555;border-right:1px solid #555555;border-bottom:1px solid #555555;border-left:1px solid #555555;}.kt-accordion-id173_a4d7b9-ef .kt-accordion-header-wrap .kt-blocks-accordion-header:hover, body:not(.hide-focus-outline) .kt-accordion-id173_a4d7b9-ef .kt-accordion-header-wrap .kt-blocks-accordion-header:focus-visible{border-top:1px solid #eeeeee;border-right:1px solid #eeeeee;border-bottom:1px solid #eeeeee;border-left:1px solid #eeeeee;}.kt-accordion-id173_a4d7b9-ef .kt-accordion-header-wrap .kt-blocks-accordion-header:focus-visible, .kt-accordion-id173_a4d7b9-ef .kt-accordion-header-wrap .kt-blocks-accordion-header.kt-accordion-panel-active{border-top:1px solid #444444;border-right:1px solid #444444;border-bottom:1px solid #444444;border-left:1px solid #444444;}}<\/style>\n<div class=\"wp-block-kadence-accordion alignnone\"><div class=\"kt-accordion-wrap kt-accordion-id173_a4d7b9-ef kt-accordion-has-2-panes kt-active-pane-0 kt-accordion-block kt-pane-header-alignment-left kt-accodion-icon-style-basic kt-accodion-icon-side-right\" style=\"max-width:none\"><div class=\"kt-accordion-inner-wrap\" data-allow-multiple-open=\"true\" data-start-open=\"none\">\n<div class=\"wp-block-kadence-pane kt-accordion-pane kt-accordion-pane-1 kt-pane173_988845-c1\"><div class=\"kt-accordion-header-wrap\"><button class=\"kt-blocks-accordion-header kt-acccordion-button-label-show\" type=\"button\"><span class=\"kt-blocks-accordion-title-wrap\"><span class=\"kt-blocks-accordion-title\">Mire que puede hacer G-radio<\/span><\/span><span class=\"kt-blocks-accordion-icon-trigger\"><\/span><\/button><\/div><div class=\"kt-accordion-panel kt-accordion-panel-hidden\"><div class=\"kt-accordion-panel-inner\">\n<ul style=\"font-size:15px\" class=\"wp-block-list\">\n<li>Operar el programa de manera manual, semiautom\u00e1tica o autom\u00e1tica.<\/li>\n\n\n\n<li>Interactuar agresivamente con la interfaz de trabajo.<\/li>\n\n\n\n<li>Crear, editar y almacenar listas de emisi\u00f3n de audio o video.<\/li>\n\n\n\n<li>Programar una lista a una hora espec\u00edfica.<\/li>\n\n\n\n<li>Usar los audios de las carpetas del computador sin necesidad de ingresarlos a bases de datos o al sistema.<\/li>\n\n\n\n<li>Reproducir aleatoriamente m\u00fasica desde carpetas de acuerdo a la parrilla de programaci\u00f3n 24\/7 establecida por el usuario.<\/li>\n\n\n\n<li>Cambiar manualmente los temas musicales de la lista de emisi\u00f3n.<\/li>\n\n\n\n<li>Reproducir aleatoriamente \u201cpisadores\u201d sobre los temas musicales.<\/li>\n\n\n\n<li>Reproducir un \u201ctono\u201d en cada cambio de hora.<\/li>\n\n\n\n<li>Fundir los audios.<\/li>\n\n\n\n<li>Reproducir \u201ccomerciales\u201d de manera autom\u00e1tica con fecha de inicio, fin de pautaje y d\u00edas de reproducci\u00f3n.<\/li>\n\n\n\n<li>Agregar manualmente \u201ccomerciales\u201d a la lista de comerciales.<\/li>\n\n\n\n<li>Reproducir autom\u00e1ticamente y de manera aleatoria un anuncio de \u201cInicio de espacio publicitario\u201d.<\/li>\n\n\n\n<li>Reproducir autom\u00e1ticamente y de manera aleatoria un anuncio de \u201cFin de espacio publicitario\u201d.<\/li>\n\n\n\n<li>Reproducir autom\u00e1ticamente un anuncio de \u201cEspacio de Interculturalidad\u201d.<\/li>\n\n\n\n<li>Reproducir \u201ceventos\u201d a una hora exacta definida por el usuario con fecha de inicio, fin de pautaje y d\u00edas de reproducci\u00f3n.<\/li>\n\n\n\n<li>Reproducir \u201ceventos con espera\u201d a una hora definida por el usuario con fecha de inicio, fin de pautaje y d\u00edas de reproducci\u00f3n, pero que espera a que termine el tema.<\/li>\n\n\n\n<li>Enlazarse con un streaming de audio desde Internet.<\/li>\n\n\n\n<li>Enlazarse con un streaming de una p\u00e1gina web (flash o java embebidos).<\/li>\n\n\n\n<li>Emitir reportes de los temas musicales reproducidos, ya sea en modo manual o autom\u00e1tico.<\/li>\n\n\n\n<li>Emitir reportes de los comerciales reproducidos, ya sea en modo manual o autom\u00e1tico, filtrando por nombre del archivo emitido.<\/li>\n\n\n\n<li>Exportar los reportes de audios emitidos a texto plano con estructura csv, de tal manera que puedan ser importados en una hoja de c\u00e1lculo.<\/li>\n\n\n\n<li>Reproducir la hora de manera autom\u00e1tica.<\/li>\n\n\n\n<li>Emitir efectos desde pesta\u00f1as, las cuales se pueden identificar con el nombre de los programas.<\/li>\n\n\n\n<li>Presentar un indicador de tiempo acumulado de comerciales cada hora.<\/li>\n\n\n\n<li>Presentar un indicador de temas musicales nacionales versus total emitidos a lo largo del d\u00eda.<\/li>\n\n\n\n<li>Presentar un indicador de tiempo acumulado de interculturalidad emitido a lo largo del d\u00eda.<\/li>\n\n\n\n<li>Visualizar mientras se pauta el tiempo de comerciales y eventos por hora.<\/li>\n\n\n\n<li>Programar la parrilla espec\u00edfica por d\u00eda y hora.<\/li>\n\n\n\n<li>Programar la parrilla global que permite con un click programar la parrilla en rangos amplios de d\u00edas y horas.<\/li>\n\n\n\n<li>Buscar audios desde la interfaz principal.<\/li>\n\n\n\n<li>Probar los audios por CUE en una segunda tarjeta de audio antes de lanzarla al aire.<\/li>\n\n\n\n<li>Usar el men\u00fa contextual de CUE en la mayor\u00eda de las interfaces, por ejemplo, es posible escuchar un comercial en CUE mientras se lo est\u00e1 programando.<\/li>\n\n\n\n<li>Buscar comerciales pautados (para revisar el horario espec\u00edfico de una cu\u00f1a, por ejemplo).<\/li>\n\n\n\n<li>Controlar visualmente todo el pautaje.<\/li>\n\n\n\n<li>Conectarse remotamente para facilitar las acciones de gesti\u00f3n como pautaje comerciales, eventos, parrilla musical, visualizaci\u00f3n de reportes o configurar la herramienta.<\/li>\n\n\n\n<li>Cambiar el tama\u00f1o de las fuentes del programa para facilitar su lectura y ajuste a las distintas resoluciones de pantalla.<\/li>\n\n\n\n<li>Exportar la programaci\u00f3n (parrilla), comerciales y eventos como un solo archivo de respaldo.<\/li>\n<\/ul>\n\n\n\n<p><\/p>\n<\/div><\/div><\/div>\n<\/div><\/div><\/div>\n\n\n<style>.kb-image173_0e88cd-79 .kb-image-has-overlay:after{opacity:0.3;}<\/style>\n<figure class=\"wp-block-kadence-image kb-image173_0e88cd-79 size-full\"><img loading=\"lazy\" decoding=\"async\" width=\"1918\" height=\"1043\" src=\"http:\/\/www.gradio.net\/wp-content\/uploads\/2026\/04\/Mosaico-GR.png\" alt=\"\" class=\"kb-img wp-image-1042\" srcset=\"http:\/\/www.gradio.net\/wp-content\/uploads\/2026\/04\/Mosaico-GR.png 1918w, http:\/\/www.gradio.net\/wp-content\/uploads\/2026\/04\/Mosaico-GR-300x163.png 300w, http:\/\/www.gradio.net\/wp-content\/uploads\/2026\/04\/Mosaico-GR-1024x557.png 1024w, http:\/\/www.gradio.net\/wp-content\/uploads\/2026\/04\/Mosaico-GR-768x418.png 768w, http:\/\/www.gradio.net\/wp-content\/uploads\/2026\/04\/Mosaico-GR-1536x835.png 1536w\" sizes=\"auto, (max-width: 1918px) 100vw, 1918px\" \/><\/figure>\n<\/div><\/div>\n\n<\/div><\/main>","protected":false},"excerpt":{"rendered":"<p>G-Radio, es un programa de automatizaci\u00f3n para estaciones de radio o TV, que funciona sobre el robusto sistema operativo GNU\/Linux y permite automatizar una estaci\u00f3n y su emisi\u00f3n de audio a trav\u00e9s de la parrilla musical, comerciales, pisadores, hora, streaming de audio, etc. Posee indicadores de cumplimiento de par\u00e1metros predefinidos conforme a la Ley de&#8230;<\/p>\n","protected":false},"author":3,"featured_media":0,"parent":0,"menu_order":0,"comment_status":"closed","ping_status":"closed","template":"","meta":{"_kad_post_transparent":"","_kad_post_title":"hide","_kad_post_layout":"","_kad_post_sidebar_id":"","_kad_post_content_style":"","_kad_post_vertical_padding":"","_kad_post_feature":"","_kad_post_feature_position":"","_kad_post_header":false,"_kad_post_footer":false,"footnotes":""},"class_list":["post-173","page","type-page","status-publish","hentry"],"_links":{"self":[{"href":"http:\/\/www.gradio.net\/index.php\/wp-json\/wp\/v2\/pages\/173","targetHints":{"allow":["GET"]}}],"collection":[{"href":"http:\/\/www.gradio.net\/index.php\/wp-json\/wp\/v2\/pages"}],"about":[{"href":"http:\/\/www.gradio.net\/index.php\/wp-json\/wp\/v2\/types\/page"}],"author":[{"embeddable":true,"href":"http:\/\/www.gradio.net\/index.php\/wp-json\/wp\/v2\/users\/3"}],"replies":[{"embeddable":true,"href":"http:\/\/www.gradio.net\/index.php\/wp-json\/wp\/v2\/comments?post=173"}],"version-history":[{"count":4,"href":"http:\/\/www.gradio.net\/index.php\/wp-json\/wp\/v2\/pages\/173\/revisions"}],"predecessor-version":[{"id":1043,"href":"http:\/\/www.gradio.net\/index.php\/wp-json\/wp\/v2\/pages\/173\/revisions\/1043"}],"wp:attachment":[{"href":"http:\/\/www.gradio.net\/index.php\/wp-json\/wp\/v2\/media?parent=173"}],"curies":[{"name":"wp","href":"https:\/\/api.w.org\/{rel}","templated":true}]}}